{"id":274,"date":"2023-04-04T12:25:26","date_gmt":"2023-04-04T12:25:26","guid":{"rendered":"https:\/\/www.praxisabraham.at\/?page_id=274"},"modified":"2023-05-31T09:59:09","modified_gmt":"2023-05-31T09:59:09","slug":"impressum-datenschutz","status":"publish","type":"page","link":"https:\/\/www.praxisabraham.at\/?page_id=274","title":{"rendered":"Impressum &#038; Datenschutz"},"content":{"rendered":"<div data-colibri-id=\"274-c1\" class=\"style-729 style-local-274-c1 position-relative\">\n  <!---->\n  <div data-colibri-component=\"section\" data-colibri-id=\"274-c2\" id=\"custom\" class=\"h-section h-section-global-spacing d-flex align-items-lg-center align-items-md-center align-items-center style-730 style-local-274-c2 position-relative\">\n    <!---->\n    <!---->\n    <div class=\"h-section-grid-container h-section-boxed-container\">\n      <!---->\n      <div data-colibri-id=\"274-c3\" class=\"h-row-container gutters-row-lg-2 gutters-row-md-2 gutters-row-0 gutters-row-v-lg-2 gutters-row-v-md-2 gutters-row-v-2 style-731 style-local-274-c3 position-relative\">\n        <!---->\n        <div class=\"h-row justify-content-lg-center justify-content-md-center justify-content-center align-items-lg-stretch align-items-md-stretch align-items-stretch gutters-col-lg-2 gutters-col-md-2 gutters-col-0 gutters-col-v-lg-2 gutters-col-v-md-2 gutters-col-v-2\">\n          <!---->\n          <div class=\"h-column h-column-container d-flex h-col-lg-auto h-col-md-auto h-col-auto style-732-outer style-local-274-c4-outer\">\n            <div data-colibri-id=\"274-c4\" class=\"d-flex h-flex-basis h-column__inner h-px-lg-2 h-px-md-2 h-px-2 v-inner-lg-2 v-inner-md-2 v-inner-2 style-732 style-local-274-c4 position-relative\">\n              <!---->\n              <!---->\n              <div class=\"w-100 h-y-container h-column__content h-column__v-align flex-basis-100 align-self-lg-start align-self-md-start align-self-start\">\n                <!---->\n                <div data-colibri-id=\"274-c5\" class=\"h-text h-text-component style-733 style-local-274-c5 position-relative h-element\">\n                  <!---->\n                  <!---->\n                  <div class=\"\">\n                    <p><strong style=\"font-family: &quot;Open Sans&quot;; font-weight: 400;\">1. Verantwortlicher und Kontaktdaten<\/strong><\/p>\n                    <p><span style=\"font-family: &quot;Open Sans&quot;; font-weight: 300;\">Verantwortlicher f\u00fcr die Datenverarbeitung gem\u00e4\u00df Datenschutzgrundverordung (DSGVO) sowie Inhaber dieser Website ist:<\/span><\/p>\n                    <p><strong style=\"font-family: &quot;Open Sans&quot;; font-weight: 300;\">Manuel Abraham BA<br>Psychotherapeut in Ausbildung unter Supervision (\u00d6sterreich)<\/strong><\/p>\n                    <p><strong style=\"font-family: &quot;Open Sans&quot;; font-weight: 300;\">Taborstra\u00dfe 119\/2<br>A-1020 Wien<br><\/strong><span style=\"font-family: &quot;Open Sans&quot;; font-weight: 300;\"><br>Mail: manuel@praxisabraham.at<br>Telefon: 0043 664 22 28 556<\/span><\/p>\n                    <p><span style=\"font-family: &quot;Open Sans&quot;; font-weight: 300;\">Aufsichtsbeh\u00f6rde: Ministerium f\u00fcr Soziales, Gesundheit, Pflege und Konsumentenschutz<br>Weitere Informationen zu berufsrechtlichen Vorschriften finden Sie unter:&nbsp;<\/span>\n                      <a\n                        href=\"https:\/\/www.sozialministerium.at\/Themen\/Gesundheit\/Medizin-und-Gesundheitsberufe\/Berufe-A-bis-Z\/Psychotherapeutin,-Psychotherapeut.html\" target=\"_blank\" style=\"font-weight: 300;\" class=\"customize-unpreviewable\">\n                        <br>www.sozialministerium.at\/Themen\/Gesundheit\/Medizin-und-Gesundheitsberufe\/Berufe-A-bis-Z\/Psychotherapeutin,-Psychotherapeut.html<\/a>\n                    <\/p>\n                    <p><strong style=\"font-family: &quot;Open Sans&quot;; font-weight: 400;\">2. Personenbezogene Daten und deren Verwendung<\/strong><\/p>\n                    <p><span style=\"font-family: &quot;Open Sans&quot;; font-weight: 300;\">Die verarbeiteten Daten wurden von Ihnen freiwillig zur Verf\u00fcgung gestellt und werden zur Durchf\u00fchrung und Abwicklung von Leistungen verwendet. S\u00e4mtliche Daten, die Einzelangaben \u00fcber pers\u00f6nliche oder sachliche Verh\u00e4ltnisse enthalten (z.B. Namen, Anschrift, E-Mail-Adresse, Telefonnummer,&nbsp;etc.) sind personenbezogene Daten. Sofern Sie uns personenbezogene Daten zur Verf\u00fcgung gestellt haben, nutzen wir diese nur zu den mit Ihnen vereinbarten Zwecken oder wenn eine sonstige rechtliche Grundlage im Einklang mit der DSGVO vorliegt; dies unter Einhaltung der datenschutz- und zivilrechtlichen Bestimmungen. Es werden nur solche personenbezogenen Daten erhoben, die f\u00fcr die Durchf\u00fchrung und Abwicklung unserer Leistungen erforderlich sind oder die Sie uns freiwillig zur Verf\u00fcgung gestellt haben. Wir werden die uns zur Verf\u00fcgung gestellten Daten nicht f\u00fcr andere Zwecke als die durch Vertrag oder durch Ihre Einwilligung oder sonst durch eine Bestimmung im Einklang mit der DSGVO gedeckten Zwecken verarbeiten.<\/span><\/p>\n                    <p><strong style=\"font-family: &quot;Open Sans&quot;; font-weight: 400;\">3. Auskunft und L\u00f6schung<\/strong><\/p>\n                    <p><span style=\"font-family: &quot;Open Sans&quot;; font-weight: 300;\">Als Betroffene haben Sie jederzeit das Recht auf Auskunft \u00fcber Ihre gespeicherten personenbezogenen Daten, deren Herkunft und Empf\u00e4nger und den Zweck der Datenverarbeitung sowie ein Recht auf Berichtigung, Daten\u00fcbertragung, Widerspruch, Einschr\u00e4nkung der Bearbeitung sowie Sperrung oder L\u00f6schung unrichtiger bzw. unzul\u00e4ssig verarbeiteter Daten. Insoweit sich \u00c4nderungen Ihrer pers\u00f6nlichen Daten ergeben, ersuchen wir um entsprechende Mitteilung. Sie haben jederzeit das Recht, eine erteilte Einwilligung zur Nutzung Ihrer personenbezogenen Daten zu widerrufen. Ihre Eingabe auf Auskunft, L\u00f6schung, Berichtigung, Widerspruch und\/oder Daten\u00fcbertragung, im letztgenannten Fall, sofern damit nicht ein unverh\u00e4ltnism\u00e4\u00dfiger Aufwand verursacht wird, kann an unsere Adresse gerichtet werden. Wenn Sie der Auffassung sind, dass die Verarbeitung Ihrer personenbezogenen Daten durch uns gegen das geltende Datenschutzrecht verst\u00f6\u00dft oder Ihre datenschutzrechtlichen Anspr\u00fcche in einer anderen Weise verletzt worden sind, besteht die M\u00f6glichkeit, sich bei der zust\u00e4ndigen Aufsichtsbeh\u00f6rde zu beschweren. In \u00d6sterreich zust\u00e4ndig ist hierf\u00fcr die Datenschutzbeh\u00f6rde.<\/span><\/p>\n                    <p><strong style=\"font-family: &quot;Open Sans&quot;; font-weight: 400;\">4. Datensicherheit<\/strong><\/p>\n                    <p><span style=\"font-family: &quot;Open Sans&quot;; font-weight: 300;\">Der Schutz Ihrer personenbezogenen Daten erfolgt durch entsprechende organisatorische und technische Vorkehrungen. Diese Vorkehrungen betreffen insbesondere den Schutz vor unerlaubtem, rechtswidrigem oder auch zuf\u00e4lligem Zugriff, Verarbeitung, Verlust, Verwendung und Manipulation. Ungeachtet der Bem\u00fchungen der Einhaltung eines stets angemessen hohen Standes der Sorgfaltsanforderungen kann nicht ausgeschlossen werden, dass Informationen, die Sie uns \u00fcber das Internet bekannt geben, von anderen Personen eingesehen und genutzt werden. Bitte beachten Sie, dass wir daher keine wie immer geartete Haftung f\u00fcr die Offenlegung von Informationen aufgrund nicht von uns verursachter Fehler bei der Daten\u00fcbertragung und\/oder unautorisiertem Zugriff durch Dritte \u00fcbernehmen (z.B. Hackangriff auf Email-Account bzw. Telefon, Abfangen von Faxen).<\/span><\/p>\n                    <p><strong style=\"font-family: &quot;Open Sans&quot;; font-weight: 400;\">5. Cookies und Webanalyse<\/strong><\/p>\n                    <p><span style=\"font-family: &quot;Open Sans&quot;; font-weight: 300;\">Wir verwenden auf unserer Website weder Cookies noch Techniken der personenbezogenen Webanalyse (Tracking).<\/span><\/p>\n                    <p><strong style=\"font-family: &quot;Open Sans&quot;; font-weight: 400;\">6. Server-Log-Files<\/strong><\/p>\n                    <p><span style=\"font-family: &quot;Open Sans&quot;; font-weight: 300;\">Zur Optimierung der Website in Bezug auf die Systemperformance, Benutzerfreundlichkeit und Bereitstellung von n\u00fctzlichen Informationen erhebt und speichert der Provider der Website automatisch Informationen in sogenannten Server-Log-Files, die Ihr Browser automatisch an uns \u00fcbermittelt. Davon umfasst sind Ihre IP-Adresse, Browser- und Spracheinstellung, Betriebssystem, Referrer-URL, Internet-Service-Provider und Datum sowie Uhrzeit. Eine Zusammenf\u00fchrung dieser Daten mit personenbezogenen Datenquellen wird von uns nicht vorgenommen. Wir behalten uns vor, die Daten nachtr\u00e4glich zu pr\u00fcfen, wenn konkrete Anhaltspunkte f\u00fcr eine rechtswidrige Nutzung bekannt werden.<\/span><\/p>\n                    <p><span style=\"font-family: &quot;Open Sans&quot;; font-weight: 400;\">7. Google Maps<\/span><\/p>\n                    <p><span style=\"font-family: &quot;Open Sans&quot;; font-weight: 300;\">Diese Website verwendet Google Maps f\u00fcr die Darstellung von Karteninformationen. Bei der Nutzung von Google Maps werden von Google auch Daten \u00fcber die Nutzung der Maps-Funktionen durch Besucher der Websites verarbeitet und genutzt. Weitere Informationen \u00fcber die Datenverarbeitung durch Google entnehmen Sie bitte den Hinweisen zum Datenschutz unter <\/span>\n                      <a\n                        href=\"https:\/\/policies.google.com\/privacy?hl=de&amp;gl=at\" target=\"_blank\" style=\"font-family: &quot;Open Sans&quot;; font-weight: 300;\" class=\"customize-unpreviewable\">www.google.at\/intl\/de\/policies\/privacy\/<\/a><span style=\"font-family: &quot;Open Sans&quot;; font-weight: 300;\">&nbsp;<\/span><\/p>\n                    <p><strong style=\"font-family: &quot;Open Sans&quot;; font-weight: 400;\">8. \u00dcbermittlung von Daten an Dritte<\/strong><strong style=\"font-family: &quot;Open Sans&quot;; font-weight: 300;\"><br><\/strong><span style=\"font-family: &quot;Open Sans&quot;; font-weight: 300;\"><br>Eine Weiterleitung Ihrer Daten erfolgt ausschlie\u00dflich auf Grundlage der DSGVO, insbesondere zur Erf\u00fcllung Ihres Auftrags oder aufgrund Ihrer vorherigen Einwilligung. Grunds\u00e4tzlich geben wir keine Daten an Dritte weiter, au\u00dfer es ergeben sich Verpflichtungen und Notwendigkeiten, die sich aus unserer Gesch\u00e4ftsbeziehung ergeben k\u00f6nnen (z.B.: Rechnungslegung, Buchhaltung).<\/span><\/p>\n                    <p><strong style=\"font-family: &quot;Open Sans&quot;; font-weight: 400;\">9. Bekanntgabe von Datenpannen<\/strong><\/p>\n                    <p><span style=\"font-family: &quot;Open Sans&quot;; font-weight: 300;\">Wir sind bem\u00fcht sicherzustellen, dass Datenpannen fr\u00fchzeitig erkannt und gegebenenfalls unverz\u00fcglich Ihnen bzw. der zust\u00e4ndigen Aufsichtsbeh\u00f6rde unter Einbezug der jeweiligen Datenkategorien, die betroffen sind, gemeldet werden.<\/span><\/p>\n                    <p><strong style=\"font-family: &quot;Open Sans&quot;; font-weight: 400;\">10. Aufbewahrung der Daten<\/strong><\/p>\n                    <p><span style=\"font-family: &quot;Open Sans&quot;; font-weight: 300;\">Wir bewahren Daten nicht l\u00e4nger auf als dies zur Erf\u00fcllung unserer vertraglichen bzw. gesetzlichen Verpflichtungen und zur Abwehr allf\u00e4lliger Haftungsanspr\u00fcche erforderlich ist.<br><\/span><\/p>\n                  <\/div>\n                <\/div>\n              <\/div>\n            <\/div>\n          <\/div>\n        <\/div>\n      <\/div>\n    <\/div>\n  <\/div>\n<\/div>","protected":false},"excerpt":{"rendered":"<p>1. Verantwortlicher und Kontaktdaten Verantwortlicher f\u00fcr die Datenverarbeitung gem\u00e4\u00df Datenschutzgrundverordung (DSGVO) sowie Inhaber dieser Website ist: Manuel Abraham BAPsychotherapeut in Ausbildung unter Supervision (\u00d6sterreich) Taborstra\u00dfe 119\/2A-1020 WienMail: manuel@praxisabraham.atTelefon: 0043 664 22 28 556 Aufsichtsbeh\u00f6rde: Ministerium f\u00fcr Soziales, Gesundheit, Pflege und KonsumentenschutzWeitere Informationen zu berufsrechtlichen Vorschriften finden Sie unter:&nbsp; www.sozialministerium.at\/Themen\/Gesundheit\/Medizin-und-Gesundheitsberufe\/Berufe-A-bis-Z\/Psychotherapeutin,-Psychotherapeut.html 2. Personenbezogene Daten und deren Verwendung [&hellip;]<\/p>\n","protected":false},"author":1,"featured_media":0,"parent":0,"menu_order":0,"comment_status":"closed","ping_status":"closed","template":"page-templates\/full-width-page.php","meta":{"footnotes":""},"_links":{"self":[{"href":"https:\/\/www.praxisabraham.at\/index.php?rest_route=\/wp\/v2\/pages\/274"}],"collection":[{"href":"https:\/\/www.praxisabraham.at\/index.php?rest_route=\/wp\/v2\/pages"}],"about":[{"href":"https:\/\/www.praxisabraham.at\/index.php?rest_route=\/wp\/v2\/types\/page"}],"author":[{"embeddable":true,"href":"https:\/\/www.praxisabraham.at\/index.php?rest_route=\/wp\/v2\/users\/1"}],"replies":[{"embeddable":true,"href":"https:\/\/www.praxisabraham.at\/index.php?rest_route=%2Fwp%2Fv2%2Fcomments&post=274"}],"version-history":[{"count":0,"href":"https:\/\/www.praxisabraham.at\/index.php?rest_route=\/wp\/v2\/pages\/274\/revisions"}],"wp:attachment":[{"href":"https:\/\/www.praxisabraham.at\/index.php?rest_route=%2Fwp%2Fv2%2Fmedia&parent=274"}],"curies":[{"name":"wp","href":"https:\/\/api.w.org\/{rel}","templated":true}]}}